{"id":27537,"date":"2023-10-27T13:47:43","date_gmt":"2023-10-27T12:47:43","guid":{"rendered":"https:\/\/myhomeinthealps.com\/wp-content\/uploads\/2023\/10\/Hibou-Blanc-Damian-McArthur-Photography-1.jpg"},"modified":"2023-10-27T14:46:43","modified_gmt":"2023-10-27T13:46:43","slug":"photo-by-damian-mcarthur-www-damianmcarthur-com-10-2","status":"inherit","type":"attachment","link":"https:\/\/myhomeinthealps.com\/en\/photo-by-damian-mcarthur-www-damianmcarthur-com-10-2\/","title":{"rendered":""},"author":3,"comment_status":"open","ping_status":"closed","template":"","meta":{"inline_featured_image":false},"acf":[],"yoast_head":"<!-- This site is optimized with the Yoast SEO plugin v22.9 - https:\/\/yoast.com\/wordpress\/plugins\/seo\/ -->\n<title>- My Home In The Alps<\/title>\n<meta name=\"robots\" content=\"index, follow, max-snippet:-1, max-image-preview:large, max-video-preview:-1\" \/>\n<link rel=\"canonical\" href=\"https:\/\/myhomered.mediweb.co\/wp-content\/uploads\/2023\/10\/Hibou-Blanc-Damian-McArthur-Photography-1-scaled.jpg\" \/>\n<meta property=\"og:locale\" content=\"en_US\" \/>\n<meta property=\"og:type\" content=\"article\" \/>\n<meta property=\"og:title\" content=\"- My Home In The Alps\" \/>\n<meta property=\"og:description\" content=\"D\u00e9coration scandinave pour ce superbe chalet enti\u00e8rement r\u00e9nov\u00e9 \u00e0 louer entre Morzine et Montriond avec une vue splendide sur Le Pleney.\" \/>\n<meta property=\"og:url\" content=\"https:\/\/myhomered.mediweb.co\/wp-content\/uploads\/2023\/10\/Hibou-Blanc-Damian-McArthur-Photography-1-scaled.jpg\" \/>\n<meta property=\"og:site_name\" content=\"My Home In The Alps\" \/>\n<meta property=\"article:modified_time\" content=\"2023-10-27T13:46:43+00:00\" \/>\n<meta property=\"og:image\" content=\"https:\/\/myhomered.mediweb.co\/wp-content\/uploads\/2023\/10\/Hibou-Blanc-Damian-McArthur-Photography-1-scaled.jpg\" \/>\n\t<meta property=\"og:image:width\" content=\"2560\" \/>\n\t<meta property=\"og:image:height\" content=\"1639\" \/>\n\t<meta property=\"og:image:type\" content=\"image\/jpeg\" \/>\n<meta name=\"twitter:card\" content=\"summary_large_image\" \/>\n<script type=\"application\/ld+json\" class=\"yoast-schema-graph\">{\"@context\":\"https:\/\/schema.org\",\"@graph\":[{\"@type\":\"WebPage\",\"@id\":\"https:\/\/myhomered.mediweb.co\/wp-content\/uploads\/2023\/10\/Hibou-Blanc-Damian-McArthur-Photography-1-scaled.jpg\",\"url\":\"https:\/\/myhomered.mediweb.co\/wp-content\/uploads\/2023\/10\/Hibou-Blanc-Damian-McArthur-Photography-1-scaled.jpg\",\"name\":\"- My Home In The Alps\",\"isPartOf\":{\"@id\":\"https:\/\/myhomeinthealps.com\/#website\"},\"datePublished\":\"2023-10-27T12:47:43+00:00\",\"dateModified\":\"2023-10-27T13:46:43+00:00\",\"inLanguage\":\"en-US\",\"potentialAction\":[{\"@type\":\"ReadAction\",\"target\":[\"https:\/\/myhomered.mediweb.co\/wp-content\/uploads\/2023\/10\/Hibou-Blanc-Damian-McArthur-Photography-1-scaled.jpg\"]}]},{\"@type\":\"WebSite\",\"@id\":\"https:\/\/myhomeinthealps.com\/#website\",\"url\":\"https:\/\/myhomeinthealps.com\/\",\"name\":\"My Home In The Alps\",\"description\":\"Agence immobili\u00e8re, location de chalets de luxe \u00e0 Morzine\",\"potentialAction\":[{\"@type\":\"SearchAction\",\"target\":{\"@type\":\"EntryPoint\",\"urlTemplate\":\"https:\/\/myhomeinthealps.com\/?s={search_term_string}\"},\"query-input\":\"required name=search_term_string\"}],\"inLanguage\":\"en-US\"}]}<\/script>\n<!-- \/ Yoast SEO plugin. -->","yoast_head_json":{"title":"- My Home In The Alps","robots":{"index":"index","follow":"follow","max-snippet":"max-snippet:-1","max-image-preview":"max-image-preview:large","max-video-preview":"max-video-preview:-1"},"canonical":"https:\/\/myhomered.mediweb.co\/wp-content\/uploads\/2023\/10\/Hibou-Blanc-Damian-McArthur-Photography-1-scaled.jpg","og_locale":"en_US","og_type":"article","og_title":"- My Home In The Alps","og_description":"D\u00e9coration scandinave pour ce superbe chalet enti\u00e8rement r\u00e9nov\u00e9 \u00e0 louer entre Morzine et Montriond avec une vue splendide sur Le Pleney.","og_url":"https:\/\/myhomered.mediweb.co\/wp-content\/uploads\/2023\/10\/Hibou-Blanc-Damian-McArthur-Photography-1-scaled.jpg","og_site_name":"My Home In The Alps","article_modified_time":"2023-10-27T13:46:43+00:00","og_image":[{"width":2560,"height":1639,"url":"https:\/\/myhomered.mediweb.co\/wp-content\/uploads\/2023\/10\/Hibou-Blanc-Damian-McArthur-Photography-1-scaled.jpg","type":"image\/jpeg"}],"twitter_card":"summary_large_image","schema":{"@context":"https:\/\/schema.org","@graph":[{"@type":"WebPage","@id":"https:\/\/myhomered.mediweb.co\/wp-content\/uploads\/2023\/10\/Hibou-Blanc-Damian-McArthur-Photography-1-scaled.jpg","url":"https:\/\/myhomered.mediweb.co\/wp-content\/uploads\/2023\/10\/Hibou-Blanc-Damian-McArthur-Photography-1-scaled.jpg","name":"- My Home In The Alps","isPartOf":{"@id":"https:\/\/myhomeinthealps.com\/#website"},"datePublished":"2023-10-27T12:47:43+00:00","dateModified":"2023-10-27T13:46:43+00:00","inLanguage":"en-US","potentialAction":[{"@type":"ReadAction","target":["https:\/\/myhomered.mediweb.co\/wp-content\/uploads\/2023\/10\/Hibou-Blanc-Damian-McArthur-Photography-1-scaled.jpg"]}]},{"@type":"WebSite","@id":"https:\/\/myhomeinthealps.com\/#website","url":"https:\/\/myhomeinthealps.com\/","name":"My Home In The Alps","description":"Agence immobili\u00e8re, location de chalets de luxe \u00e0 Morzine","potentialAction":[{"@type":"SearchAction","target":{"@type":"EntryPoint","urlTemplate":"https:\/\/myhomeinthealps.com\/?s={search_term_string}"},"query-input":"required name=search_term_string"}],"inLanguage":"en-US"}]}},"description":{"rendered":"<p class=\"attachment\"><a href='https:\/\/myhomeinthealps.com\/wp-content\/uploads\/2023\/10\/Hibou-Blanc-Damian-McArthur-Photography-1-scaled.jpg'><img loading=\"lazy\" decoding=\"async\" width=\"300\" height=\"192\" src=\"https:\/\/myhomeinthealps.com\/wp-content\/uploads\/2023\/10\/Hibou-Blanc-Damian-McArthur-Photography-1-300x192.jpg\" class=\"attachment-medium size-medium\" alt=\"Chalet Hibou Blanc \u00e0 louer My Home in the Alps\" srcset=\"https:\/\/myhomeinthealps.com\/wp-content\/uploads\/2023\/10\/Hibou-Blanc-Damian-McArthur-Photography-1-300x192.jpg 300w, https:\/\/myhomeinthealps.com\/wp-content\/uploads\/2023\/10\/Hibou-Blanc-Damian-McArthur-Photography-1-1687x1080.jpg 1687w, https:\/\/myhomeinthealps.com\/wp-content\/uploads\/2023\/10\/Hibou-Blanc-Damian-McArthur-Photography-1-768x492.jpg 768w, https:\/\/myhomeinthealps.com\/wp-content\/uploads\/2023\/10\/Hibou-Blanc-Damian-McArthur-Photography-1-1536x983.jpg 1536w, https:\/\/myhomeinthealps.com\/wp-content\/uploads\/2023\/10\/Hibou-Blanc-Damian-McArthur-Photography-1-2048x1311.jpg 2048w\" sizes=\"(max-width: 300px) 100vw, 300px\" \/><\/a><\/p>\n<p>D\u00e9coration scandinave pour ce superbe chalet enti\u00e8rement r\u00e9nov\u00e9 \u00e0 louer entre Morzine et Montriond avec une vue splendide sur Le Pleney.<\/p>\n"},"caption":{"rendered":"<p>D\u00e9coration scandinave pour ce superbe chalet enti\u00e8rement r\u00e9nov\u00e9 \u00e0 louer entre Morzine et Montriond avec une vue splendide sur Le Pleney.<\/p>\n"},"alt_text":"Chalet Hibou Blanc \u00e0 louer My Home in the Alps","media_type":"image","mime_type":"image\/jpeg","media_details":{"width":2560,"height":1639,"file":"2023\/10\/Hibou-Blanc-Damian-McArthur-Photography-1-scaled.jpg","filesize":410173,"sizes":{"medium":{"file":"Hibou-Blanc-Damian-McArthur-Photography-1-300x192.jpg","width":300,"height":192,"filesize":12852,"mime_type":"image\/jpeg","source_url":"https:\/\/myhomeinthealps.com\/wp-content\/uploads\/2023\/10\/Hibou-Blanc-Damian-McArthur-Photography-1-300x192.jpg"},"large":{"file":"Hibou-Blanc-Damian-McArthur-Photography-1-1687x1080.jpg","width":1687,"height":1080,"filesize":208888,"mime_type":"image\/jpeg","source_url":"https:\/\/myhomeinthealps.com\/wp-content\/uploads\/2023\/10\/Hibou-Blanc-Damian-McArthur-Photography-1-1687x1080.jpg"},"thumbnail":{"file":"Hibou-Blanc-Damian-McArthur-Photography-1-150x150.jpg","width":150,"height":150,"filesize":6624,"mime_type":"image\/jpeg","source_url":"https:\/\/myhomeinthealps.com\/wp-content\/uploads\/2023\/10\/Hibou-Blanc-Damian-McArthur-Photography-1-150x150.jpg"},"medium_large":{"file":"Hibou-Blanc-Damian-McArthur-Photography-1-768x492.jpg","width":768,"height":492,"filesize":58005,"mime_type":"image\/jpeg","source_url":"https:\/\/myhomeinthealps.com\/wp-content\/uploads\/2023\/10\/Hibou-Blanc-Damian-McArthur-Photography-1-768x492.jpg"},"1536x1536":{"file":"Hibou-Blanc-Damian-McArthur-Photography-1-1536x983.jpg","width":1536,"height":983,"filesize":179295,"mime_type":"image\/jpeg","source_url":"https:\/\/myhomeinthealps.com\/wp-content\/uploads\/2023\/10\/Hibou-Blanc-Damian-McArthur-Photography-1-1536x983.jpg"},"2048x2048":{"file":"Hibou-Blanc-Damian-McArthur-Photography-1-2048x1311.jpg","width":2048,"height":1311,"filesize":286401,"mime_type":"image\/jpeg","source_url":"https:\/\/myhomeinthealps.com\/wp-content\/uploads\/2023\/10\/Hibou-Blanc-Damian-McArthur-Photography-1-2048x1311.jpg"},"full":{"file":"Hibou-Blanc-Damian-McArthur-Photography-1-scaled.jpg","width":2560,"height":1639,"mime_type":"image\/jpeg","source_url":"https:\/\/myhomeinthealps.com\/wp-content\/uploads\/2023\/10\/Hibou-Blanc-Damian-McArthur-Photography-1-scaled.jpg"}},"image_meta":{"aperture":"16","credit":"Damian McArthur","camera":"Canon EOS 5D Mark III","caption":"Photo by Damian McArthur (www.damianmcarthur.com)","created_timestamp":"1508405250","copyright":"","focal_length":"16","iso":"100","shutter_speed":"0.3","title":"Photo by Damian McArthur (www.damianmcarthur.com)","orientation":"0","keywords":[]},"original_image":"Hibou-Blanc-Damian-McArthur-Photography-1.jpg"},"post":null,"source_url":"https:\/\/myhomeinthealps.com\/wp-content\/uploads\/2023\/10\/Hibou-Blanc-Damian-McArthur-Photography-1-scaled.jpg","_links":{"self":[{"href":"https:\/\/myhomeinthealps.com\/en\/wp-json\/wp\/v2\/media\/27537"}],"collection":[{"href":"https:\/\/myhomeinthealps.com\/en\/wp-json\/wp\/v2\/media"}],"about":[{"href":"https:\/\/myhomeinthealps.com\/en\/wp-json\/wp\/v2\/types\/attachment"}],"author":[{"embeddable":true,"href":"https:\/\/myhomeinthealps.com\/en\/wp-json\/wp\/v2\/users\/3"}],"replies":[{"embeddable":true,"href":"https:\/\/myhomeinthealps.com\/en\/wp-json\/wp\/v2\/comments?post=27537"}]}}

<!-- This site is optimized with the Yoast SEO plugin v22.9 - https://yoast.com/wordpress/plugins/seo/ -->
<title>- My Home In The Alps</title>
<meta name="robots" content="index, follow, max-snippet:-1, max-image-preview:large, max-video-preview:-1" />
<link rel="canonical" href="https://myhomered.mediweb.co/wp-content/uploads/2023/10/Hibou-Blanc-Damian-McArthur-Photography-1-scaled.jpg" />
<meta property="og:locale" content="en_US" />
<meta property="og:type" content="article" />
<meta property="og:title" content="- My Home In The Alps" />
<meta property="og:description" content="Décoration scandinave pour ce superbe chalet entièrement rénové à louer entre Morzine et Montriond avec une vue splendide sur Le Pleney." />
<meta property="og:url" content="https://myhomered.mediweb.co/wp-content/uploads/2023/10/Hibou-Blanc-Damian-McArthur-Photography-1-scaled.jpg" />
<meta property="og:site_name" content="My Home In The Alps" />
<meta property="article:modified_time" content="2023-10-27T13:46:43+00:00" />
<meta property="og:image" content="https://myhomered.mediweb.co/wp-content/uploads/2023/10/Hibou-Blanc-Damian-McArthur-Photography-1-scaled.jpg" />
	<meta property="og:image:width" content="2560" />
	<meta property="og:image:height" content="1639" />
	<meta property="og:image:type" content="image/jpeg" />
<meta name="twitter:card" content="summary_large_image" />
<script type="application/ld+json" class="yoast-schema-graph">{"@context":"https://schema.org","@graph":[{"@type":"WebPage","@id":"https://myhomered.mediweb.co/wp-content/uploads/2023/10/Hibou-Blanc-Damian-McArthur-Photography-1-scaled.jpg","url":"https://myhomered.mediweb.co/wp-content/uploads/2023/10/Hibou-Blanc-Damian-McArthur-Photography-1-scaled.jpg","name":"- My Home In The Alps","isPartOf":{"@id":"https://myhomeinthealps.com/#website"},"datePublished":"2023-10-27T12:47:43+00:00","dateModified":"2023-10-27T13:46:43+00:00","inLanguage":"en-US","potentialAction":[{"@type":"ReadAction","target":["https://myhomered.mediweb.co/wp-content/uploads/2023/10/Hibou-Blanc-Damian-McArthur-Photography-1-scaled.jpg"]}]},{"@type":"WebSite","@id":"https://myhomeinthealps.com/#website","url":"https://myhomeinthealps.com/","name":"My Home In The Alps","description":"Agence immobilière, location de chalets de luxe à Morzine","potentialAction":[{"@type":"SearchAction","target":{"@type":"EntryPoint","urlTemplate":"https://myhomeinthealps.com/?s={search_term_string}"},"query-input":"required name=search_term_string"}],"inLanguage":"en-US"}]}</script>
<!-- / Yoast SEO plugin. -->

Décoration scandinave pour ce superbe chalet entièrement rénové à louer entre Morzine et Montriond avec une vue splendide sur Le Pleney.

Agence immobilière, location de chalets de luxe à Morzine

<p class="attachment"><a href='https://myhomeinthealps.com/wp-content/uploads/2023/10/Hibou-Blanc-Damian-McArthur-Photography-1-scaled.jpg'><img loading="lazy" decoding="async" width="300" height="192" src="https://myhomeinthealps.com/wp-content/uploads/2023/10/Hibou-Blanc-Damian-McArthur-Photography-1-300x192.jpg" class="attachment-medium size-medium" alt="Chalet Hibou Blanc à louer My Home in the Alps" srcset="https://myhomeinthealps.com/wp-content/uploads/2023/10/Hibou-Blanc-Damian-McArthur-Photography-1-300x192.jpg 300w, https://myhomeinthealps.com/wp-content/uploads/2023/10/Hibou-Blanc-Damian-McArthur-Photography-1-1687x1080.jpg 1687w, https://myhomeinthealps.com/wp-content/uploads/2023/10/Hibou-Blanc-Damian-McArthur-Photography-1-768x492.jpg 768w, https://myhomeinthealps.com/wp-content/uploads/2023/10/Hibou-Blanc-Damian-McArthur-Photography-1-1536x983.jpg 1536w, https://myhomeinthealps.com/wp-content/uploads/2023/10/Hibou-Blanc-Damian-McArthur-Photography-1-2048x1311.jpg 2048w" sizes="(max-width: 300px) 100vw, 300px" /></a></p>
<p>Décoration scandinave pour ce superbe chalet entièrement rénové à louer entre Morzine et Montriond avec une vue splendide sur Le Pleney.</p>

<p>Décoration scandinave pour ce superbe chalet entièrement rénové à louer entre Morzine et Montriond avec une vue splendide sur Le Pleney.</p>

Chalet Hibou Blanc à louer My Home in the Alps
